alculate the greatest common factor of g and 125.
25
Let n(q) = 8*q - 553. Let j be n(78). Calculate the greatest common factor of 28 and j.
1
Let y = 49 - 46. Suppose -56 + 50 = -y*k. Let z = 11 + 7. What is the highest common divisor of k and z?
2
Let f = -1853 - -1238. Let i = f + 619. Calculate the highest common factor of 56 and i.
4
Suppose 147 = -6*y + 759. Suppose 3*t - 822 = -2*m, 17*m = -3*t + 16*m + 819. What is the highest common divisor of t and y?
34
Suppose 23*b + 6844 = 24*b - r, b - 6852 = 5*r. What is the greatest common factor of 22 and b?
22
Let g(x) = -11*x**3 + 7*x**2 + 34*x + 47. Let u be g(-2). What is the greatest common factor of 12160 and u?
95
Let j = 7975 - 7680. What is the greatest common divisor of 118 and j?
59
Suppose -3*j + 1609 = 2*u, 4*u - 2132 = -4*j + 8. What is the greatest common divisor of j and 1862?
49
Suppose 9*o + 9*o - 3*o = 0. Suppose -3*a - 2*b = -38, o = 4*a - 7*a + 2*b + 58. Calculate the highest common factor of a and 48.
16
Suppose 10*z - 490 - 260 = 0. Let w be (-4)/(4/(-13)) + 2. Calculate the highest common divisor of z and w.
15
Let h(m) = m**3 + m**2 - m + 81. Let p be h(0). Suppose -57*j = -62*j - 25, 4*b = -4*j + 16. What is the greatest common divisor of b and p?
9
Let f be 5597/7 - (-297)/693. Suppose 10*z = 5*z + 160. What is the highest common divisor of f and z?
32
Suppose -17*m + 1320 = -7095 - 748. Calculate the highest common factor of 187 and m.
11
Suppose -21*l - 16514 + 69770 = 0. Suppose -y = -j - 508, -4*y - y + 4*j + l = 0. What is the highest common divisor of 144 and y?
72
Let l(n) = 5*n + 7. Let f be l(3). Let q = 117 - 184. Let w = 69 + q. What is the highest common factor of w and f?
2
Let q = 12133 + -12091. What is the highest common divisor of 14560 and q?
14
Suppose -8*i + 760 = -0*i. Suppose 4*t - 16 = -2*c, -4*t - 3*c + 18 = 4. What is the greatest common divisor of t and i?
5
Let l be -5*(-391)/(-170)*(-14 + -2). What is the highest common factor of 104 and l?
8
Suppose 42*s - 3976 - 6104 = 0. What is the greatest common divisor of 792 and s?
24
Suppose 12*j - 9*j = 6, 2*o + 3*j - 24 = 0. Suppose o*g + 289 = 613. Calculate the highest common divisor of g and 702.
18
Suppose 0 = -2*d + 2, 30 + 7 = 4*s + 5*d. Let v be (415/10 - -4) + s/(-16). Calculate the highest common factor of 144 and v.
9
Let r = 10359 - 7339. What is the highest common divisor of 10 and r?
10
Let a be (-1)/(-2) + (21/14 - -5). Suppose a*l + 32*l = 41535. What is the greatest common divisor of l and 15?
15
Let z be (63/(-5) + 13)*15. What is the greatest common factor of z and 447?
3
Let l = -17207 - -17948. What is the greatest common factor of 2337 and l?
57
Let r(g) = 53*g**2 + 35*g + 18. Let q be r(-1). What is the greatest common factor of q and 819?
9
Let y(q) = -1720*q + 9557. Let r be y(-7). Calculate the highest common divisor of 69 and r.
69
Suppose 0 = -169*j + 164*j + 50. Let o(k) = 50*k + 81. Let l be o(j). Calculate the greatest common divisor of l and 83.
83
Let l(s) = -114*s + 61. Let f be l(-4). Let a = 557 - f. Calculate the greatest common divisor of 8 and a.
8
Suppose 3*c = 862 - 865, 0 = -4*v - 3*c + 10061. What is the greatest common factor of v and 340?
68
Let u be (14 - (-7104)/(-56))*-7. What is the greatest common divisor of 30 and u?
10
Suppose 2*s + 11 = 5*s + p, -2*s + 2*p + 2 = 0. Suppose -4*x + 0*o + 382 = -2*o, 5*x - 478 = s*o. Calculate the highest common factor of 19 and x.
19
Suppose 1040 = 2*b - 5*s, b = -2*b - 4*s + 1514. Suppose -j = 5*v - 73, -24 = -j - 26. What is the greatest common divisor of b and v?
15
Suppose -76*f = -78*f - 4*i + 240, -270 = -2*f + 2*i. Calculate the highest common divisor of f and 12805.
65
Suppose -3*j - 4*d = -5*j + 4, -5*j + 5*d + 15 = 0. Suppose j*l - 29 = -5. Let m = 17 + 43. Calculate the greatest common factor of m and l.
6
Let l = -689 - -977. Let o be (48/(-5))/(9/45)*(-74)/111. Calculate the highest common factor of o and l.
32
Let s be 1/(-4)*1 + 15610/40. Suppose s = -5*u + 7*u. Calculate the greatest common divisor of u and 15.
15
Let b(k) = -4*k**2 + 4*k + 10*k**2 + 12 + 4*k**2. Let t be b(-5). Suppose -6*r + 176 = 2*r. Calculate the highest common divisor of t and r.
22
Suppose -56 - 55 = -3*j + 3*b, 2*j = 5*b + 65. What is the highest common factor of 6120 and j?
40
Let r be (4/((-72)/(-30)))/(2 + (-110)/60). Calculate the greatest common factor of r and 8590.
10
Let f(i) = -3*i**2 + 110*i + 62. Let j be f(37). What is the greatest common factor of j and 2675?
25
Let r = 2653 - 1730. What is the greatest common divisor of r and 52?
13
Let g = 3 - -1. Suppose 10 = x - 4*u, g*x - u - 19 = 6. Suppose 0 = -4*s + 3*r + 9 + x, 5 = 3*s + 4*r. Calculate the greatest common divisor of s and 21.
3
Let w = -115 + 117. Suppose r + 108 = 2*m + 3*r, w*m - 117 = r. Suppose 0 = -3*z - 25 + 82. Calculate the greatest common factor of m and z.
19
Let n be 1/(1962/(-3932) - (-9)/18). Suppose -4*q + n = -5*d, -d = 3*d - 4. What is the greatest common factor of q and 13?
13
Suppose 0 = -2*d + 256 + 86. Suppose s - 220 = 141*m - 139*m, 5*m + 892 = 4*s. What is the greatest common divisor of d and s?
57
Suppose -3*a - k + 106 = 0, -11*a - k = -16*a + 174. Calculate the greatest common factor of 755 and a.
5
Let x be 7 + (3/2)/(1/(-2)). Let r = 14 + 40. Suppose x*b = b + r. What is the highest common divisor of b and 18?
18
Suppose -13*p + 4*q + 636 = -10*p, -p - 4*q = -180. Calculate the highest common divisor of 12 and p.
12
Suppose -6 = -l - 4*h, 0*l + 10 = 4*l + 2*h. Let d be -6*(-53 + 2/l). Suppose d = 2*b + b. Calculate the highest common factor of 26 and b.
26
Let f(y) = 4*y - 37. Let h(g) = 9*g**2 + 2*g + 1. Let l be h(-1). Suppose -100 = l*r - 300. Let o be f(r). Calculate the greatest common divisor of 7 and o.
7
Suppose -3*p + 6*p - 42 = 0. Suppose w = 11*w - 80. Suppose 396 = 4*i - 2*g, -w*i + 13*i = 5*g + 500. Calculate the highest common divisor of p and i.
14
Suppose 4*p + 43 - 223 = 0. Suppose t - 125 + p = 0. Suppose 68 = 4*n + 2*i, -4*i = 8*n - 7*n + 4. Calculate the greatest common divisor of t and n.
20
Let x(z) = z**3 - 10*z**2 + 4*z + 2. Let n be x(10). Let c = n - 36. Suppose -c*i = -5*i - 126. What is the greatest common factor of i and 14?
14
Suppose -l - 13*o + 65 = -15*o, -l + 4*o = -53. Suppose -x + v + v = -74, -4*v = 16. What is the highest common factor of l and x?
11
Suppose 18 = 19*r - 17*r. Let o be (((-1728)/(-30))/(-9))/(((-8)/(-180))/(-2)). What is the highest common divisor of r and o?
9
Let u be (0/(-15) - 4)*-1. Suppose -8 - 32 = -5*g. What is the greatest common divisor of g and u?
4
Let o(m) = m**2 - 5*m + 7. Let c be o(2). Suppose -4*f - a = -66, 2*a + c = 5. Let l = 43 - f. Calculate the greatest common divisor of 3 and l.
3
Let b = -59 + 107. Let o(d) = -2*d - 23. Let w be o(-10). Let f be (-1 - w)/((-3)/(-9)). What is the highest common factor of f and b?
6
Suppose -2*b - 4329 = -11*b. Let f = b - 220. Calculate the greatest common divisor of 29 and f.
29
Suppose -3*m - 339 = -j, 0*m = m - 5*j + 99. Let a = m - -182. Calculate the greatest common factor of a and 136.
68
Let g be (742/(-9)*3)/(7/(-11 - 10)). What is the greatest common factor of g and 70?
14
Let o(x) = x**3 + 10*x**2 - 18*x - 72. Let y be o(9). What is the highest common factor of y and 90?
45
Let w(s) be the third derivative of -s**4/4 + 79*s**3/3 - 19*s**2 + 3*s. Let t be w(18). What is the highest common factor of t and 230?
10
Let a be (11/2)/(2/(-12)). Let w be (a + 0)/(15/(-10)). Let t = -195 - -437. Calculate the greatest common factor of w and t.
22
Let i(c) = -4*c**3 - 3*c**2 - 10*c + 7. Let b be i(-5). Let j = b + -244. Calculate the highest common factor of j and 34.
34
Let a(h) = h**2 - 21*h - 28. Let y(s) = -s + 5. Let b be y(-16). Let o be a(b). Let v = 48 + o. What is the greatest common divisor of v and 100?
20
Let b be 124/(-496) + (-801)/(-4). Let o(t) = -t**3 - 6*t**2 - 6*t - 11. Let l be o(-6). What is the highest common factor of b and l?
25
Let j be (6 + 3318/(-12))*-2. Suppose -4*k + 75 + j = 0. Calculate the greatest common factor of k and 22.
22
Let n = 58 - 55. Suppose -n*a - w - 3*w = -47, -3*a - 5*w = -52. Suppose -5*v + 5 + 40 = 0. What is the highest common divisor of v and a?
9
Suppose -1